{"id":710,"date":"2024-04-23T08:22:37","date_gmt":"2024-04-23T06:22:37","guid":{"rendered":"https:\/\/www.riffelblech.berlin\/rotec-berlin\/?page_id=710"},"modified":"2024-06-06T10:13:33","modified_gmt":"2024-06-06T08:13:33","slug":"blechbearbeitung","status":"publish","type":"page","link":"https:\/\/www.riffelblech.berlin\/rotec-berlin\/blechbearbeitung\/","title":{"rendered":"Blechbearbeitung"},"content":{"rendered":"<p>[et_pb_section fb_built=&#8220;1&#8243; _builder_version=&#8220;4.24.3&#8243; _module_preset=&#8220;default&#8220; custom_padding=&#8220;67px|||||&#8220; global_colors_info=&#8220;{}&#8220;][et_pb_row _builder_version=&#8220;4.24.3&#8243; _module_preset=&#8220;default&#8220; width=&#8220;100%&#8220; max_width=&#8220;2560px&#8220; custom_margin=&#8220;-5%||||false|false&#8220; global_colors_info=&#8220;{}&#8220;][et_pb_column type=&#8220;4_4&#8243; _builder_version=&#8220;4.24.3&#8243; _module_preset=&#8220;default&#8220; global_colors_info=&#8220;{}&#8220;][et_pb_code admin_label=&#8220;Code&#8220; _builder_version=&#8220;4.24.3&#8243; _module_preset=&#8220;default&#8220; width=&#8220;200%&#8220; max_width=&#8220;200%&#8220; min_height=&#8220;570px&#8220; custom_margin=&#8220;-21px||-8.2%||false|false&#8220; custom_padding=&#8220;|625px||||&#8220; custom_css_free_form=&#8220;#headerImg {||||||    clip-path: polygon(0 0, 100% 0, 100% 100%, 0 100%);||||}||||&#8220; global_colors_info=&#8220;{}&#8220;]<script><!-- [et_pb_line_break_holder] -->window.addEventListener(\"load\", function() {<!-- [et_pb_line_break_holder] -->    const image = document.querySelector(\"#headerImg\");<!-- [et_pb_line_break_holder] -->    if (!image) return; \/\/ Stop if image is not found<!-- [et_pb_line_break_holder] --><!-- [et_pb_line_break_holder] -->    const overlay = document.createElement(\"div\");<!-- [et_pb_line_break_holder] -->    const overlayText = document.createElement(\"div\");<!-- [et_pb_line_break_holder] --><!-- [et_pb_line_break_holder] -->    overlay.classList.add(\"overlay\");<!-- [et_pb_line_break_holder] -->    overlayText.classList.add(\"overlay-text\");<!-- [et_pb_line_break_holder] -->    <!-- [et_pb_line_break_holder] -->    \/\/ Extract the last part of the URL path<!-- [et_pb_line_break_holder] -->    const urlPath = window.location.pathname;<!-- [et_pb_line_break_holder] -->    const pathSegments = urlPath.split('\/').filter(Boolean); \/\/ Remove any empty strings due to trailing slashes<!-- [et_pb_line_break_holder] -->    let textFromUrl = \"Blechbearbeitung\";<!-- [et_pb_line_break_holder] -->    <!-- [et_pb_line_break_holder] -->    overlayText.innerHTML = `<strong>${textFromUrl}<\/strong>`; \/\/ Use text from URL with first letter capitalized<!-- [et_pb_line_break_holder] --><!-- [et_pb_line_break_holder] -->    overlayText.style.fontSize = \"1.5vw\";<!-- [et_pb_line_break_holder] -->    overlayText.style.lineHeight = '1.2';<!-- [et_pb_line_break_holder] -->    overlayText.style.whiteSpace = 'normal';<!-- [et_pb_line_break_holder] -->    overlayText.style.overflowWrap = 'break-word';<!-- [et_pb_line_break_holder] --><!-- [et_pb_line_break_holder] -->    overlay.style.position = 'absolute';<!-- [et_pb_line_break_holder] -->    overlay.style.bottom = '50%';<!-- [et_pb_line_break_holder] -->    overlay.style.right = '60%';<!-- [et_pb_line_break_holder] -->    overlay.style.top = '55%';<!-- [et_pb_line_break_holder] -->    overlay.style.backgroundColor = 'rgba(255,255,255,0.8)';<!-- [et_pb_line_break_holder] -->    overlay.style.padding = '10px';<!-- [et_pb_line_break_holder] -->    overlay.style.borderRadius = '0px';<!-- [et_pb_line_break_holder] -->    overlay.style.color = '#030644';<!-- [et_pb_line_break_holder] -->    overlay.style.zIndex = '2';<!-- [et_pb_line_break_holder] -->    overlay.style.height = '15%';<!-- [et_pb_line_break_holder] --><!-- [et_pb_line_break_holder] -->    if (image.parentNode) {<!-- [et_pb_line_break_holder] -->        image.parentNode.style.position = 'relative';<!-- [et_pb_line_break_holder] -->    }<!-- [et_pb_line_break_holder] --><!-- [et_pb_line_break_holder] -->    overlay.appendChild(overlayText);<!-- [et_pb_line_break_holder] -->    image.parentNode.insertBefore(overlay, image.nextSibling);<!-- [et_pb_line_break_holder] -->});<!-- [et_pb_line_break_holder] --><\/script><!-- [et_pb_line_break_holder] --><!-- [et_pb_line_break_holder] --><img decoding=\"async\" id=\"headerImg\" src=\"https:\/\/www.riffelblech.berlin\/rotec-berlin\/wp-content\/uploads\/sites\/9\/2024\/04\/header-laser.jpg\"><\/img><!-- [et_pb_line_break_holder] -->\u00a0[\/et_pb_code][\/et_pb_column][\/et_pb_row][et_pb_row column_structure=&#8220;1_2,1_2&#8243; _builder_version=&#8220;4.24.3&#8243; _module_preset=&#8220;default&#8220; width=&#8220;100%&#8220; max_width=&#8220;1632px&#8220; global_colors_info=&#8220;{}&#8220;][et_pb_column type=&#8220;1_2&#8243; _builder_version=&#8220;4.24.3&#8243; _module_preset=&#8220;default&#8220; global_colors_info=&#8220;{}&#8220;][et_pb_image src=&#8220;https:\/\/www.riffelblech.berlin\/rotec-berlin\/wp-content\/uploads\/sites\/9\/2024\/06\/s1_bb_m1.jpg&#8220; title_text=&#8220;s1_bb_m1&#8243; force_fullwidth=&#8220;on&#8220; _builder_version=&#8220;4.24.3&#8243; _module_preset=&#8220;default&#8220; min_height=&#8220;520.5px&#8220; hover_enabled=&#8220;0&#8243; global_colors_info=&#8220;{}&#8220; sticky_enabled=&#8220;0&#8243;][\/et_pb_image][\/et_pb_column][et_pb_column type=&#8220;1_2&#8243; _builder_version=&#8220;4.24.3&#8243; _module_preset=&#8220;default&#8220; global_colors_info=&#8220;{}&#8220;][et_pb_text _builder_version=&#8220;4.24.3&#8243; _module_preset=&#8220;default&#8220; text_text_color=&#8220;#040B3F&#8220; text_font_size=&#8220;18px&#8220; header_text_color=&#8220;#030644&#8243; global_colors_info=&#8220;{}&#8220;]<\/p>\n<h1>Lasercut, Laserzuschnitt<\/h1>\n<p>[PLATZHALTER TEXT]<br \/>Lasercut (Laserzuschnitte) geh\u00f6ren seit vielen Jahren zum Alltag in der rotec Blechbearbeitung. Lochbleche, Riffelbleche und Tr\u00e4nenbleche mit gro\u00dfen Lochungen sowie ausgefallenen Lochmustern und Schriftz\u00fcgen k\u00f6nnen problemlos nach Ihren Vorgaben auf unseren Laseranlagen geschnitten werden.<\/p>\n<p>Schicken Sie uns Ihre CAD-Vorlage per E-Mail und wir unterbreiten Ihnen zeitnah ein kostenloses Angebot. Unsere Lieferzeiten f\u00fcr Laserzuschnitte liegen je nach Auftragsgr\u00f6\u00dfe zwischen 8 und 10 Werktagen. Neutraler Versand f\u00fcr H\u00e4ndler und Wiederverk\u00e4ufer sowie weltweiter Versand sind m\u00f6glich.<\/p>\n<p><em><span><span style=\"text-decoration: underline; color: #3366ff;\"><a href=\"https:\/\/www.riffelblech.berlin\/rotec-berlin\/bleche-gitter\/127.0.0.1\" target=\"_blank\" rel=\"noopener\" style=\"color: #3366ff; text-decoration: underline;\">Zum Laserschneiden Anfrageformular<\/a><\/span><br \/><\/span><\/em><br \/><span style=\"color: #3366ff;\"><i><u>Weitere Informationen auf Rotecpedia<\/u><\/i><\/span><\/p>\n<p>&nbsp;<\/p>\n<p>[\/et_pb_text][\/et_pb_column][\/et_pb_row][et_pb_row column_structure=&#8220;1_2,1_2&#8243; _builder_version=&#8220;4.24.3&#8243; _module_preset=&#8220;default&#8220; width=&#8220;100%&#8220; max_width=&#8220;1632px&#8220; global_colors_info=&#8220;{}&#8220;][et_pb_column type=&#8220;1_2&#8243; _builder_version=&#8220;4.24.3&#8243; _module_preset=&#8220;default&#8220; global_colors_info=&#8220;{}&#8220;][et_pb_image src=&#8220;https:\/\/www.riffelblech.berlin\/rotec-berlin\/wp-content\/uploads\/sites\/9\/2024\/06\/s1_bb_m2.jpg&#8220; title_text=&#8220;s1_bb_m2&#8243; force_fullwidth=&#8220;on&#8220; _builder_version=&#8220;4.24.3&#8243; _module_preset=&#8220;default&#8220; custom_padding=&#8220;||0px|||&#8220; hover_enabled=&#8220;0&#8243; global_colors_info=&#8220;{}&#8220; sticky_enabled=&#8220;0&#8243;][\/et_pb_image][\/et_pb_column][et_pb_column type=&#8220;1_2&#8243; _builder_version=&#8220;4.24.3&#8243; _module_preset=&#8220;default&#8220; global_colors_info=&#8220;{}&#8220;][et_pb_text _builder_version=&#8220;4.24.3&#8243; _module_preset=&#8220;default&#8220; text_text_color=&#8220;#040B3F&#8220; text_font_size=&#8220;18px&#8220; header_text_color=&#8220;#030644&#8243; global_colors_info=&#8220;{}&#8220;]<\/p>\n<h1>Zuschnitte, CNC Schlagschere<\/h1>\n<p>[PLATZHALTER TEXT]<br \/>Blechzuschnitte mit geraden Schnittlinien werden bei rotec auf der CNC gesteuerten Schlagschere geschnitten.<\/p>\n<p>Die Blechschere von dem Stuttgarter Hersteller Weinbrenner schneidet Stahlbleche und Riffelbleche bis zu einer St\u00e4rke von 10 mm und einer L\u00e4nge von 3000 mm.<\/p>\n<p>Edelstahlbleche und Tr\u00e4nenbleche schneiden wir auf der Tafelschere bis 6,0 mm und einer L\u00e4nge von 3000 mm.<\/p>\n<p>Aluminiumblech kann bis zu einer St\u00e4rke von 12 mm geschnitten werden.<\/p>\n<p>[\/et_pb_text][\/et_pb_column][\/et_pb_row][et_pb_row column_structure=&#8220;1_2,1_2&#8243; _builder_version=&#8220;4.24.3&#8243; _module_preset=&#8220;default&#8220; width=&#8220;100%&#8220; max_width=&#8220;1632px&#8220; global_colors_info=&#8220;{}&#8220;][et_pb_column type=&#8220;1_2&#8243; _builder_version=&#8220;4.24.3&#8243; _module_preset=&#8220;default&#8220; global_colors_info=&#8220;{}&#8220;][et_pb_image src=&#8220;https:\/\/www.riffelblech.berlin\/rotec-berlin\/wp-content\/uploads\/sites\/9\/2024\/06\/s1_bb_m3.jpg&#8220; title_text=&#8220;s1_bb_m3&#8243; _builder_version=&#8220;4.24.3&#8243; _module_preset=&#8220;default&#8220; max_height=&#8220;485px&#8220; custom_padding=&#8220;||0px|||&#8220; hover_enabled=&#8220;0&#8243; global_colors_info=&#8220;{}&#8220; sticky_enabled=&#8220;0&#8243; force_fullwidth=&#8220;on&#8220;][\/et_pb_image][\/et_pb_column][et_pb_column type=&#8220;1_2&#8243; _builder_version=&#8220;4.24.3&#8243; _module_preset=&#8220;default&#8220; global_colors_info=&#8220;{}&#8220;][et_pb_text _builder_version=&#8220;4.24.3&#8243; _module_preset=&#8220;default&#8220; text_text_color=&#8220;#040B3F&#8220; text_font_size=&#8220;18px&#8220; header_text_color=&#8220;#030644&#8243; global_colors_info=&#8220;{}&#8220;]<\/p>\n<h1>CNC Biegen, Abkanten<\/h1>\n<p>[PLATZHALTER TEXT]<br \/>Als Komplettanbieter geh\u00f6rt das Biegen und Abkanten zu den wichtigsten Komponenten unserer Blechbearbeitung. Mit unserem breit gef\u00e4chertem Angebot an speziellen Kantwerkzeugen sind wir in der Lage auch schwierige Kantarbeiten auszuf\u00fchren.<\/p>\n<p>Es k\u00f6nnen unter anderem Riffelbleche und Tr\u00e4nenbleche aus Stahl, Edelstahl und Aluminium mit unterschiedlichen Strukturh\u00f6hen abgekantet werden.<\/p>\n<p>[\/et_pb_text][\/et_pb_column][\/et_pb_row][et_pb_row column_structure=&#8220;1_2,1_2&#8243; _builder_version=&#8220;4.24.3&#8243; _module_preset=&#8220;default&#8220; width=&#8220;100%&#8220; max_width=&#8220;1632px&#8220; global_colors_info=&#8220;{}&#8220;][et_pb_column type=&#8220;1_2&#8243; _builder_version=&#8220;4.24.3&#8243; _module_preset=&#8220;default&#8220; global_colors_info=&#8220;{}&#8220;][et_pb_image src=&#8220;https:\/\/www.riffelblech.berlin\/rotec-berlin\/wp-content\/uploads\/sites\/9\/2024\/04\/laserschneiden-2.jpg&#8220; title_text=&#8220;laserschneiden-2&#8243; force_fullwidth=&#8220;on&#8220; _builder_version=&#8220;4.24.3&#8243; _module_preset=&#8220;default&#8220; custom_padding=&#8220;||0px|||&#8220; global_colors_info=&#8220;{}&#8220;][\/et_pb_image][\/et_pb_column][et_pb_column type=&#8220;1_2&#8243; _builder_version=&#8220;4.24.3&#8243; _module_preset=&#8220;default&#8220; global_colors_info=&#8220;{}&#8220;][et_pb_text _builder_version=&#8220;4.24.3&#8243; _module_preset=&#8220;default&#8220; text_text_color=&#8220;#040B3F&#8220; text_font_size=&#8220;18px&#8220; header_text_color=&#8220;#030644&#8243; global_colors_info=&#8220;{}&#8220;]<\/p>\n<h1>Stanzen und Lochen<\/h1>\n<p>[PLATZHALTER TEXT][PLATZHALTER BILD]<br \/>Unser Kerngesch\u00e4ft in der Blechbearbeitung ist die Herstellung und der Vertrieb von Lochblechen. Wir fertigen Lochbleche f\u00fcr industrielle Anwendungen, f\u00fcr die Landwirtschaft, f\u00fcr die Architektur und f\u00fcr den privaten Bereich. rotec Lochbleche sind heute weltweit im Einsatz. Durch unsere gro\u00dfe Lagerhaltung an gelochten Formattafeln, mit weit \u00fcber 1000 verschiedenen Sorten Lochblech, Streckgitter und Strukturblech, in den Werkstoffen Edelstahl, Aluminium und Stahl, sind wir in der Lage, kurzfristig Ihre Anarbeitungsw\u00fcnsche umzusetzen.<\/p>\n<p>Siehe auch unter:<span>\u00a0<\/span><a href=\"https:\/\/www.rotec-berlin.de\/lochblech\/lochblech.htm\">Lagerlochblech<\/a><span>\u00a0<\/span>und<span>\u00a0<\/span><a href=\"https:\/\/www.rotec-berlin.de\/lochblech\/lochbleche\/anfertigung.htm\">Sonderanfertigungen Lochblech<\/a>.<\/p>\n<p>[\/et_pb_text][\/et_pb_column][\/et_pb_row][et_pb_row column_structure=&#8220;1_2,1_2&#8243; _builder_version=&#8220;4.24.3&#8243; _module_preset=&#8220;default&#8220; width=&#8220;100%&#8220; max_width=&#8220;1632px&#8220; global_colors_info=&#8220;{}&#8220;][et_pb_column type=&#8220;1_2&#8243; _builder_version=&#8220;4.24.3&#8243; _module_preset=&#8220;default&#8220; global_colors_info=&#8220;{}&#8220;][et_pb_image src=&#8220;https:\/\/www.riffelblech.berlin\/rotec-berlin\/wp-content\/uploads\/sites\/9\/2024\/04\/rotec-blechbearbeitung_verkauf.jpg&#8220; title_text=&#8220;rotec-blechbearbeitung_verkauf&#8220; force_fullwidth=&#8220;on&#8220; _builder_version=&#8220;4.24.3&#8243; _module_preset=&#8220;default&#8220; custom_padding=&#8220;||0px|||&#8220; global_colors_info=&#8220;{}&#8220;][\/et_pb_image][\/et_pb_column][et_pb_column type=&#8220;1_2&#8243; _builder_version=&#8220;4.24.3&#8243; _module_preset=&#8220;default&#8220; global_colors_info=&#8220;{}&#8220;][et_pb_text _builder_version=&#8220;4.24.3&#8243; _module_preset=&#8220;default&#8220; text_text_color=&#8220;#040B3F&#8220; text_font_size=&#8220;18px&#8220; header_text_color=&#8220;#030644&#8243; hover_enabled=&#8220;0&#8243; global_colors_info=&#8220;{}&#8220; sticky_enabled=&#8220;0&#8243;]<\/p>\n<h1>Verkauf Blechzuschnitte, Laserzuschnitte:<\/h1>\n<p>[PLATZHALTER TEXT][PLATZHALTER BILD]<\/p>\n<ul>\n<li><span class=\"email\"><a href=\"mailto:d.meinhardt@rotec-berlin.de\">Dirk Meinhardt:<\/a><\/span><span class=\"email\"><a href=\"mailto:d.meinhardt@rotec-berlin.de\"><\/a><\/span><span style=\"color: #3366ff;\"><span class=\"email\"><a href=\"mailto:d.meinhardt@rotec-berlin.de\" style=\"color: #3366ff;\"> d.meinhardt@rotec-berlin.de<\/a><\/span><\/span>,<span style=\"color: #3366ff;\">\u00a0<a href=\"tel:03078903946\" style=\"color: #3366ff;\"><span class=\"phone\">030 789039-46<\/span><\/a><\/span><\/li>\n<\/ul>\n<h1>Technische Leitung, Verkauf Konstuktionen, Gro\u00dfkunden:<\/h1>\n<ul>\n<li><span class=\"email\"><a href=\"mailto:t.wagner@rotec-berlin.de\">Thomas Wagner: <span style=\"color: #3366ff;\">t.wagner@rotec-berlin.de<\/span><\/a><\/span>,<span>\u00a0<\/span><span style=\"color: #3366ff;\"><a href=\"tel:03078903943\" style=\"color: #3366ff;\"><span class=\"phone\">030 789039-43<\/span><\/a><\/span><\/li>\n<li><span class=\"email\"><a href=\"mailto:h.pusch@rotec-berlin.de\">Hardy Pusch: <span style=\"color: #3366ff;\">h.pusch@rotec-berlin.de<\/span><\/a><\/span>,<span>\u00a0<\/span><a href=\"tel:03078903949\"><span class=\"phone\" style=\"color: #3366ff;\">030 789039-49<\/span><\/a><\/li>\n<\/ul>\n<p>Schreiben Sie uns eine unverbindliche<span>\u00a0<\/span><a href=\"https:\/\/www.rotec-berlin.de\/anfrage.php\">Anfrage<\/a>, oder senden Sie uns ein Fax an<span>\u00a0<\/span><span class=\"fax\">030 789039-90<\/span>.<\/p>\n<p>[\/et_pb_text][\/et_pb_column][\/et_pb_row][\/et_pb_section]<\/p>\n","protected":false},"excerpt":{"rendered":"<p>Lasercut, Laserzuschnitt [PLATZHALTER TEXT]Lasercut (Laserzuschnitte) geh\u00f6ren seit vielen Jahren zum Alltag in der rotec Blechbearbeitung. Lochbleche, Riffelbleche und Tr\u00e4nenbleche mit gro\u00dfen Lochungen sowie ausgefallenen Lochmustern und Schriftz\u00fcgen k\u00f6nnen problemlos nach Ihren Vorgaben auf unseren Laseranlagen geschnitten werden. Schicken Sie uns Ihre CAD-Vorlage per E-Mail und wir unterbreiten Ihnen zeitnah ein kostenloses Angebot. Unsere Lieferzeiten f\u00fcr [&hellip;]<\/p>\n","protected":false},"author":1,"featured_media":0,"parent":0,"menu_order":0,"comment_status":"closed","ping_status":"closed","template":"page-template-fullwidth.php","meta":{"_et_pb_use_builder":"on","_et_pb_old_content":"","_et_gb_content_width":"","footnotes":""},"class_list":["post-710","page","type-page","status-publish","hentry"],"_links":{"self":[{"href":"https:\/\/www.riffelblech.berlin\/rotec-berlin\/wp-json\/wp\/v2\/pages\/710","targetHints":{"allow":["GET"]}}],"collection":[{"href":"https:\/\/www.riffelblech.berlin\/rotec-berlin\/wp-json\/wp\/v2\/pages"}],"about":[{"href":"https:\/\/www.riffelblech.berlin\/rotec-berlin\/wp-json\/wp\/v2\/types\/page"}],"author":[{"embeddable":true,"href":"https:\/\/www.riffelblech.berlin\/rotec-berlin\/wp-json\/wp\/v2\/users\/1"}],"replies":[{"embeddable":true,"href":"https:\/\/www.riffelblech.berlin\/rotec-berlin\/wp-json\/wp\/v2\/comments?post=710"}],"version-history":[{"count":17,"href":"https:\/\/www.riffelblech.berlin\/rotec-berlin\/wp-json\/wp\/v2\/pages\/710\/revisions"}],"predecessor-version":[{"id":887,"href":"https:\/\/www.riffelblech.berlin\/rotec-berlin\/wp-json\/wp\/v2\/pages\/710\/revisions\/887"}],"wp:attachment":[{"href":"https:\/\/www.riffelblech.berlin\/rotec-berlin\/wp-json\/wp\/v2\/media?parent=710"}],"curies":[{"name":"wp","href":"https:\/\/api.w.org\/{rel}","templated":true}]}}