{"id":1358,"date":"2023-09-14T11:15:31","date_gmt":"2023-09-14T09:15:31","guid":{"rendered":"https:\/\/www.riffelblech.berlin\/rotec-shop\/produkt\/doppelklammer-fuer-gitterrostefuer-maschenweite-31-9-mm-stahl-feuerverzinkt\/"},"modified":"2023-12-13T18:51:26","modified_gmt":"2023-12-13T17:51:26","slug":"doppelklammer-fuer-gitterrostefuer-maschenweite-31-9-mm-stahl-feuerverzinkt","status":"publish","type":"product","link":"https:\/\/www.riffelblech.berlin\/rotec-shop\/produkt\/doppelklammer-fuer-gitterrostefuer-maschenweite-31-9-mm-stahl-feuerverzinkt\/","title":{"rendered":"Doppelklammer f\u00fcr Gitterroste F\u00fcr Maschenweite 31\/9 mm &#8211; Stahl feuerverzinkt"},"content":{"rendered":"","protected":false},"excerpt":{"rendered":"<div id=\"tab_description\" class=\"ui-tabs-panel ui-widget-content ui-corner-bottom\" role=\"tabpanel\" aria-labelledby=\"ui-id-1\" aria-hidden=\"false\">\n<p>Stk: 5,39 \u20ac<\/p>\n<table class=\"graduatedprice\" border=\"0\" cellspacing=\"0\" cellpadding=\"2\">\n<tbody>\n<tr>\n<td class=\"header\" colspan=\"2\">Staffelpreise:<\/td>\n<\/tr>\n<tr>\n<td>1 &#8211; 24 Stk.<\/td>\n<td>je 5,39 \u20ac<\/td>\n<\/tr>\n<tr>\n<td>25 &#8211; 49 Stk.<\/td>\n<td>je 5,02 \u20ac<\/td>\n<\/tr>\n<tr>\n<td>50 &#8211; 99 Stk.<\/td>\n<td>je 4,65 \u20ac<\/td>\n<\/tr>\n<tr>\n<td>ab 100 Stk.<\/td>\n<td>je 4,28 \u20ac<\/td>\n<\/tr>\n<\/tbody>\n<\/table>\n<p>&nbsp;<\/p>\n<p>Die Halteklammer in der Ausf\u00fchrung als Doppelklammer dient der Verbindung von zwei Gitterrosten. Durch die direkte Verbindung zweier Gitterroste wird vermieden, dass durch eine unebene Montage Stolperkanten zwischen den Gitterrosten entstehen k\u00f6nnen. Die Doppelklammer verbindet unterhalb des Gitterrostes, \u00fcber einen Verbindungs-B\u00fcgel die zwei Gitterroste miteinander. An jedem Gitterrost wird der Verbindungs-B\u00fcgel separat befestigt und h\u00e4lt somit die beiden Gitterroste zusammen.<\/p>\n<ul>\n<li>f\u00fcr Maschenweite: 31\/9 mm<\/li>\n<li>Werkstoff: Stahl<\/li>\n<li>Oberfl\u00e4che: feuerverzinkt<\/li>\n<\/ul>\n<p>Das Set Doppelklammer besteht aus:<\/p>\n<ul>\n<li>Klemmunterteil<\/li>\n<li>Linsenkopfschraube M8<\/li>\n<li>Vierkantmutter M8<\/li>\n<\/ul>\n<\/div>\n","protected":false},"featured_media":4400,"comment_status":"open","ping_status":"closed","template":"","meta":{"_et_pb_use_builder":"","_et_pb_old_content":"","_et_gb_content_width":""},"product_brand":[],"product_cat":[32],"product_tag":[],"class_list":{"0":"post-1358","1":"product","2":"type-product","3":"status-publish","4":"has-post-thumbnail","6":"product_cat-gitterroste","7":"product_shipping_class-20","9":"first","10":"instock","11":"taxable","12":"shipping-taxable","13":"purchasable","14":"product-type-simple"},"tiered_pricing_type":"fixed","tiered_pricing_fixed_rules":[],"tiered_pricing_product_settings":{"layout":"default","base_unit_name":{"singular":null,"plural":null},"default_variation":null},"tiered_pricing_minimum_quantity":null,"tiered_pricing_roles_data":[],"tiered_pricing_percentage_rules":[],"_links":{"self":[{"href":"https:\/\/www.riffelblech.berlin\/rotec-shop\/wp-json\/wp\/v2\/product\/1358","targetHints":{"allow":["GET"]}}],"collection":[{"href":"https:\/\/www.riffelblech.berlin\/rotec-shop\/wp-json\/wp\/v2\/product"}],"about":[{"href":"https:\/\/www.riffelblech.berlin\/rotec-shop\/wp-json\/wp\/v2\/types\/product"}],"replies":[{"embeddable":true,"href":"https:\/\/www.riffelblech.berlin\/rotec-shop\/wp-json\/wp\/v2\/comments?post=1358"}],"wp:featuredmedia":[{"embeddable":true,"href":"https:\/\/www.riffelblech.berlin\/rotec-shop\/wp-json\/wp\/v2\/media\/4400"}],"wp:attachment":[{"href":"https:\/\/www.riffelblech.berlin\/rotec-shop\/wp-json\/wp\/v2\/media?parent=1358"}],"wp:term":[{"taxonomy":"product_brand","embeddable":true,"href":"https:\/\/www.riffelblech.berlin\/rotec-shop\/wp-json\/wp\/v2\/product_brand?post=1358"},{"taxonomy":"product_cat","embeddable":true,"href":"https:\/\/www.riffelblech.berlin\/rotec-shop\/wp-json\/wp\/v2\/product_cat?post=1358"},{"taxonomy":"product_tag","embeddable":true,"href":"https:\/\/www.riffelblech.berlin\/rotec-shop\/wp-json\/wp\/v2\/product_tag?post=1358"}],"curies":[{"name":"wp","href":"https:\/\/api.w.org\/{rel}","templated":true}]}}