{"id":1432,"date":"2023-09-14T11:15:36","date_gmt":"2023-09-14T09:15:36","guid":{"rendered":"https:\/\/www.riffelblech.berlin\/rotec-shop\/produkt\/erdanker-500-mm\/"},"modified":"2023-12-11T16:41:51","modified_gmt":"2023-12-11T15:41:51","slug":"erdanker-500-mm","status":"publish","type":"product","link":"https:\/\/www.riffelblech.berlin\/rotec-shop\/produkt\/erdanker-500-mm\/","title":{"rendered":"Erdanker 500 mm"},"content":{"rendered":"<p><img decoding=\"async\" src=\"https:\/\/www.rotec-shop.eu\/images\/NATO-Draht\/Anwendungsbeispiel2.jpg\" alt=\"Anwendungsbeispiel mit Erdanker\" width=\"200\" height=\"200\" \/>\u00a0\u00a0<img decoding=\"async\" src=\"https:\/\/www.rotec-shop.eu\/images\/NATO-Draht\/NATO-Draht_Zubehoer_Erdanker%20(5).jpg\" alt=\"Erdanker f\u00fcr NATO-Draht\" width=\"300\" height=\"200\" \/><\/p>\n<p>(Anwendungsbeispiel f\u00fcr die Befestigung von NATO-Draht mit Erdanker &#8211; untere Rolle)<\/p>\n<p>Unser Lager in Berlin umfasst eine Vielzahl an Varianten des Widerhakensperrdraht (NATO-Draht) und erm\u00f6glicht eine schnelle Lieferung von NATO-Draht und dem dazugeh\u00f6rigen Zubeh\u00f6r aus Lagervorrat. Die rotec GmbH kann einen bundes- und europaweiten Versand von NATO-Draht anbieten. Dabei kann die Lieferung unter anderem werkt\u00e4glich in die Gro\u00dfr\u00e4ume Berlin, Hamburg, M\u00fcnchen, Frankfurt, K\u00f6ln, Stuttgart, Leipzig, Dresden, Bremen, D\u00fcsseldorf. Hannover, Kiel, Rostock oder N\u00fcrnberg erfolgen. Ebenso kann eine Lieferung u.a. nach \u00d6sterreich, Polen, Luxemburg oder in die Schweiz angeboten werden.<\/p>\n","protected":false},"excerpt":{"rendered":"<p>Erdanker zur Verankerung von NATO-Drahtrollen im Boden.<\/p>\n<p>Der Erdanker dient zur Befestigung von NATO-Drahtrollen in weichem Untergrund. Er wird eingeschlagen und die Drahtrolle daran befestigt. Somit wird ein einfaches entfernen durch personen oder Witterung verhindert.<\/p>\n<ul>\n<li>Material: feuerverzinkter Stahl<\/li>\n<li>Ma\u00dfe: 40x40x500 mm, 5 mm stark<\/li>\n<li>Gewicht: 1,3 kg<\/li>\n<\/ul>\n<p>ca. Verbr\u00e4uche je nach Montagevariante:<\/p>\n<ul>\n<li>\u2248 1 Stk. pro Meter, wenn NATO-Drahtrolle am Zaun verlegt ist<\/li>\n<li>\u2248 3 Stk. pro Meter, wenn NATO-Drahtrolle frei im Gel\u00e4nde verlegt ist<\/li>\n<\/ul>\n","protected":false},"featured_media":4195,"comment_status":"open","ping_status":"closed","template":"","meta":{"_et_pb_use_builder":"","_et_pb_old_content":"","_et_gb_content_width":""},"product_brand":[],"product_cat":[39],"product_tag":[],"class_list":{"0":"post-1432","1":"product","2":"type-product","3":"status-publish","4":"has-post-thumbnail","6":"product_cat-nato-draht","7":"product_shipping_class-20","9":"first","10":"instock","11":"taxable","12":"shipping-taxable","13":"product-type-simple"},"tiered_pricing_type":"fixed","tiered_pricing_fixed_rules":[],"tiered_pricing_product_settings":{"layout":"default","base_unit_name":{"singular":null,"plural":null},"default_variation":null},"tiered_pricing_minimum_quantity":null,"tiered_pricing_roles_data":[],"tiered_pricing_percentage_rules":[],"_links":{"self":[{"href":"https:\/\/www.riffelblech.berlin\/rotec-shop\/wp-json\/wp\/v2\/product\/1432","targetHints":{"allow":["GET"]}}],"collection":[{"href":"https:\/\/www.riffelblech.berlin\/rotec-shop\/wp-json\/wp\/v2\/product"}],"about":[{"href":"https:\/\/www.riffelblech.berlin\/rotec-shop\/wp-json\/wp\/v2\/types\/product"}],"replies":[{"embeddable":true,"href":"https:\/\/www.riffelblech.berlin\/rotec-shop\/wp-json\/wp\/v2\/comments?post=1432"}],"wp:featuredmedia":[{"embeddable":true,"href":"https:\/\/www.riffelblech.berlin\/rotec-shop\/wp-json\/wp\/v2\/media\/4195"}],"wp:attachment":[{"href":"https:\/\/www.riffelblech.berlin\/rotec-shop\/wp-json\/wp\/v2\/media?parent=1432"}],"wp:term":[{"taxonomy":"product_brand","embeddable":true,"href":"https:\/\/www.riffelblech.berlin\/rotec-shop\/wp-json\/wp\/v2\/product_brand?post=1432"},{"taxonomy":"product_cat","embeddable":true,"href":"https:\/\/www.riffelblech.berlin\/rotec-shop\/wp-json\/wp\/v2\/product_cat?post=1432"},{"taxonomy":"product_tag","embeddable":true,"href":"https:\/\/www.riffelblech.berlin\/rotec-shop\/wp-json\/wp\/v2\/product_tag?post=1432"}],"curies":[{"name":"wp","href":"https:\/\/api.w.org\/{rel}","templated":true}]}}