{"id":1565,"date":"2023-09-14T11:15:45","date_gmt":"2023-09-14T09:15:45","guid":{"rendered":"https:\/\/www.riffelblech.berlin\/rotec-shop\/produkt\/profilrost-treppenstufe-rotec-r13-feuerverzinkt-600x200x45x2-mm\/"},"modified":"2023-12-06T14:26:15","modified_gmt":"2023-12-06T13:26:15","slug":"profilrost-treppenstufe-rotec-r13-feuerverzinkt-600x200x45x2-mm","status":"publish","type":"product","link":"https:\/\/www.riffelblech.berlin\/rotec-shop\/produkt\/profilrost-treppenstufe-rotec-r13-feuerverzinkt-600x200x45x2-mm\/","title":{"rendered":"Profilrost Treppenstufe rotec R13 feuerverzinkt 600x200x45x2 mm"},"content":{"rendered":"<p>Weitere rotec Lochblech Sicherheitsstufen und individuelle Anpassungen k\u00f6nnen Sie gerne bei uns anfragen.<\/p>\n<p>rotec GmbH Berlin ist nach DIN EN 1090-2 (EX2) zertifiziert und auf Wunsch fertigen wir auch eingeschossige Treppen und Podeste nach Ihren pers\u00f6nlichen Vorgaben an.<\/p>\n","protected":false},"excerpt":{"rendered":"<div>Die Profilrost Treppenstufe rotec R13 aus 2 mm dickem Stahlblech (feuerverzinkt) gefertigt, bietet ideale Voraussetzungen f\u00fcr die Verwendung in Industrie (EN 14122) aber auch im B\u00fcro, Eigenheim und \u00f6ffentlichem Raum (EN 1991). Entwickelt wurde die Profilrost Treppenstufe rotec R13 f\u00fcr die Anwendung im Offshore Bereich, wird heute aber gerne in allen Bereichen eingesetzt.\u00a0Die gesamte Oberfl\u00e4che der Treppenstufe ist rutschhemmend und mit der Rutschfestigkeitsklasse R13 bewertet. Die Lochpr\u00e4gung der Treppenstufe bietet mit der nach oben gerichteten \u00d8 9mm Lochung eine gute Rutschhemmung, w\u00e4hrend die nach unten gerichtete \u00d8 5mm Lochung eine zus\u00e4tzlich verbesserte Ab- bzw. Durchflussm\u00f6glichkeit f\u00fcr Feuchtigkeit erm\u00f6glicht. Dank der eingerollten Profilkanten bietet die Profilrost Treppenstufe rotec R13 erh\u00f6hten Schutz f\u00fcr Schuhe und F\u00fc\u00dfe.\u00a0Seitlich sind Anschraublaschen zur erleichterten und schnellen Montage vormontiert.<\/div>\n<ul>\n<li>Profilrost Treppenstufe rotec R13 aus 2 mm Stahlblech<\/li>\n<li>Stahl, feuerverzinkt<\/li>\n<li>rutschhemmende Oberfl\u00e4che mit Rutschfestigkeitsklasse R13<\/li>\n<li>anschraubbar \u00fcber die Seitenplatten der Lochblech Sicherheitsstufen (Anschraublaschen)<\/li>\n<\/ul>\n<p>Die neu entwickelte Stufe entspricht folgenden Sicherheitsstandards und ist nach diesen zertifiziert:<\/p>\n<ul>\n<li>EN 14122: Industrie<\/li>\n<li>EN 1991: \u00d6ffentlicher Raum, B\u00fcro, Heimanwendungen<\/li>\n<\/ul>\n","protected":false},"featured_media":3863,"comment_status":"open","ping_status":"closed","template":"","meta":{"_et_pb_use_builder":"","_et_pb_old_content":"","_et_gb_content_width":""},"product_brand":[],"product_cat":[33],"product_tag":[],"class_list":{"0":"post-1565","1":"product","2":"type-product","3":"status-publish","4":"has-post-thumbnail","6":"product_cat-sicherheitsroste","7":"product_shipping_class-20","9":"first","10":"instock","11":"taxable","12":"shipping-taxable","13":"purchasable","14":"product-type-simple"},"tiered_pricing_type":"fixed","tiered_pricing_fixed_rules":[],"tiered_pricing_product_settings":{"layout":"default","base_unit_name":{"singular":null,"plural":null},"default_variation":null},"tiered_pricing_minimum_quantity":null,"tiered_pricing_roles_data":[],"tiered_pricing_percentage_rules":[],"_links":{"self":[{"href":"https:\/\/www.riffelblech.berlin\/rotec-shop\/wp-json\/wp\/v2\/product\/1565","targetHints":{"allow":["GET"]}}],"collection":[{"href":"https:\/\/www.riffelblech.berlin\/rotec-shop\/wp-json\/wp\/v2\/product"}],"about":[{"href":"https:\/\/www.riffelblech.berlin\/rotec-shop\/wp-json\/wp\/v2\/types\/product"}],"replies":[{"embeddable":true,"href":"https:\/\/www.riffelblech.berlin\/rotec-shop\/wp-json\/wp\/v2\/comments?post=1565"}],"wp:featuredmedia":[{"embeddable":true,"href":"https:\/\/www.riffelblech.berlin\/rotec-shop\/wp-json\/wp\/v2\/media\/3863"}],"wp:attachment":[{"href":"https:\/\/www.riffelblech.berlin\/rotec-shop\/wp-json\/wp\/v2\/media?parent=1565"}],"wp:term":[{"taxonomy":"product_brand","embeddable":true,"href":"https:\/\/www.riffelblech.berlin\/rotec-shop\/wp-json\/wp\/v2\/product_brand?post=1565"},{"taxonomy":"product_cat","embeddable":true,"href":"https:\/\/www.riffelblech.berlin\/rotec-shop\/wp-json\/wp\/v2\/product_cat?post=1565"},{"taxonomy":"product_tag","embeddable":true,"href":"https:\/\/www.riffelblech.berlin\/rotec-shop\/wp-json\/wp\/v2\/product_tag?post=1565"}],"curies":[{"name":"wp","href":"https:\/\/api.w.org\/{rel}","templated":true}]}}