{"id":1832,"date":"2023-09-14T11:16:03","date_gmt":"2023-09-14T09:16:03","guid":{"rendered":"https:\/\/www.riffelblech.berlin\/rotec-shop\/produkt\/einbautraverse-gr003-o-315-mmaus-verzinktem-stahlblech\/"},"modified":"2023-11-22T13:58:01","modified_gmt":"2023-11-22T12:58:01","slug":"einbautraverse-gr003-o-315-mmaus-verzinktem-stahlblech","status":"publish","type":"product","link":"https:\/\/www.riffelblech.berlin\/rotec-shop\/produkt\/einbautraverse-gr003-o-315-mmaus-verzinktem-stahlblech\/","title":{"rendered":"Einbautraverse GR003 &#8211; \u00d8 315 mm aus verzinktem Stahlblech"},"content":{"rendered":"<p>L\u00fcftungsgitter, Einbautraversen, Anschlussk\u00e4sten und Luftmengenregulierer mit Sonderformaten sind auf Anfrage lieferbar.<\/p>\n<p>Eine flexible Fertigung sorgt daf\u00fcr, dass eine Lieferung meist innerhalb 1-2 Wochen erfolgen kann. Die rotec GmbH kann einen bundes- und europaweiten Versand von L\u00fcftungsgittern anbieten. Dabei kann die Lieferung unter anderem werkt\u00e4glich in die Gro\u00dfr\u00e4ume Berlin, Hamburg, M\u00fcnchen, Frankfurt, K\u00f6ln, Stuttgart, Leipzig, Dresden, Bremen, D\u00fcsseldorf. Hannover, Kiel, Rostock oder N\u00fcrnberg erfolgen. Ebenso kann eine Lieferung u.a. nach \u00d6sterreich, Polen, Luxemburg oder in die Schweiz angeboten werden.<\/p>\n","protected":false},"excerpt":{"rendered":"<p>Die\u00a0<strong>Einbautraverse GR003<\/strong> wird ben\u00f6tigt, um ein L\u00fcftungsgitter (WR210 oder WR230) <strong>f\u00fcr die Deckenmontage<\/strong>\u00a0verwenden zu k\u00f6nnen. Die Einbautraverse wird hierbei oberhalb der Decken\u00f6ffnung befestigt, so dass der nach unten reichende B\u00fcgel mittig in die Decken\u00f6ffnung ragt. An diesem B\u00fcgel wird dann das L\u00fcftungsgitter \/ der Dralldurchlass mittels einer Zentralschraube befestigt.<\/p>\n<p>Die Einbautraverse GR003 f\u00fcr die Deckenmontage hat folgende Eigenschaften:<\/p>\n<ul>\n<li>Einbautraverse aus verzinktem Stahlblech<\/li>\n<li>Geeignet f\u00fcr verschiedene L\u00fcftungsgitter (WR210 \/ WR230)<\/li>\n<li>Befestigung in der Decke<\/li>\n<li>Geeignet f\u00fcr den Einbau von Dralldurchl\u00e4ssen mit Zentralschraube<\/li>\n<\/ul>\n<p>Nennma\u00df des L\u00fcftungsgitters \/ Dralldurchlasses:<\/p>\n<ul>\n<li><strong>\u00d8 315 mm<\/strong><\/li>\n<\/ul>\n<p>Zum Montagerahmen passende L\u00fcftungsgitter \/ Dralldurchl\u00e4sse:<\/p>\n<ul>\n<li><a href=\"http:\/\/www.rotec-shop.eu\/mixxxer.php?products_id=2539\" target=\"_blank\" rel=\"noopener\">L\u00fcftungsgitter WR210 (\u00d8 315 mm) aus lackiertem Stahl<\/a><\/li>\n<li><a href=\"http:\/\/www.rotec-shop.eu\/mixxxer.php?products_id=2546\" target=\"_blank\" rel=\"noopener\">L\u00fcftungsgitter WR230 (\u00d8 315 mm) aus lackiertem Stahl mit Diffusorring<\/a><\/li>\n<\/ul>\n","protected":false},"featured_media":3310,"comment_status":"open","ping_status":"closed","template":"","meta":{"_et_pb_use_builder":"","_et_pb_old_content":"","_et_gb_content_width":""},"product_brand":[],"product_cat":[30],"product_tag":[],"class_list":{"0":"post-1832","1":"product","2":"type-product","3":"status-publish","4":"has-post-thumbnail","6":"product_cat-lueftungsgitter","7":"product_shipping_class-29","9":"first","10":"instock","11":"taxable","12":"shipping-taxable","13":"product-type-simple"},"tiered_pricing_type":"fixed","tiered_pricing_fixed_rules":[],"tiered_pricing_product_settings":{"layout":"default","base_unit_name":{"singular":null,"plural":null},"default_variation":null},"tiered_pricing_minimum_quantity":null,"tiered_pricing_roles_data":[],"tiered_pricing_percentage_rules":[],"_links":{"self":[{"href":"https:\/\/www.riffelblech.berlin\/rotec-shop\/wp-json\/wp\/v2\/product\/1832","targetHints":{"allow":["GET"]}}],"collection":[{"href":"https:\/\/www.riffelblech.berlin\/rotec-shop\/wp-json\/wp\/v2\/product"}],"about":[{"href":"https:\/\/www.riffelblech.berlin\/rotec-shop\/wp-json\/wp\/v2\/types\/product"}],"replies":[{"embeddable":true,"href":"https:\/\/www.riffelblech.berlin\/rotec-shop\/wp-json\/wp\/v2\/comments?post=1832"}],"wp:featuredmedia":[{"embeddable":true,"href":"https:\/\/www.riffelblech.berlin\/rotec-shop\/wp-json\/wp\/v2\/media\/3310"}],"wp:attachment":[{"href":"https:\/\/www.riffelblech.berlin\/rotec-shop\/wp-json\/wp\/v2\/media?parent=1832"}],"wp:term":[{"taxonomy":"product_brand","embeddable":true,"href":"https:\/\/www.riffelblech.berlin\/rotec-shop\/wp-json\/wp\/v2\/product_brand?post=1832"},{"taxonomy":"product_cat","embeddable":true,"href":"https:\/\/www.riffelblech.berlin\/rotec-shop\/wp-json\/wp\/v2\/product_cat?post=1832"},{"taxonomy":"product_tag","embeddable":true,"href":"https:\/\/www.riffelblech.berlin\/rotec-shop\/wp-json\/wp\/v2\/product_tag?post=1832"}],"curies":[{"name":"wp","href":"https:\/\/api.w.org\/{rel}","templated":true}]}}