{"id":1884,"date":"2023-09-14T11:16:06","date_gmt":"2023-09-14T09:16:06","guid":{"rendered":"https:\/\/www.riffelblech.berlin\/rotec-shop\/produkt\/weitwurfduese-jd130-o-160-mmaus-stahl-und-aluminium-ral-9010-reinweiss-lackiert\/"},"modified":"2023-11-20T13:26:32","modified_gmt":"2023-11-20T12:26:32","slug":"weitwurfduese-jd130-o-160-mmaus-stahl-und-aluminium-ral-9010-reinweiss-lackiert","status":"publish","type":"product","link":"https:\/\/www.riffelblech.berlin\/rotec-shop\/produkt\/weitwurfduese-jd130-o-160-mmaus-stahl-und-aluminium-ral-9010-reinweiss-lackiert\/","title":{"rendered":"Weitwurfd\u00fcse JD130 &#8211; \u00d8 160 mm aus Stahl und Aluminium, RAL 9010 (reinwei\u00df) lackiert"},"content":{"rendered":"<p><em>L\u00fcftungsgitter f\u00fcr besondere Anforderungen in Sonderformaten sind auf Anfrage erh\u00e4ltlich.<\/em><\/p>\n<p>Eine flexible Fertigung sorgt daf\u00fcr, dass eine Lieferung meist innerhalb 1-2 Wochen erfolgen kann.\u00a0Die rotec GmbH kann einen bundes- und europaweiten Versand von L\u00fcftungsgittern anbieten. Dabei kann die Lieferung unter anderem werkt\u00e4glich in die Gro\u00dfr\u00e4ume Berlin, Hamburg, M\u00fcnchen, Frankfurt, K\u00f6ln, Stuttgart, Leipzig, Dresden, Bremen, D\u00fcsseldorf. Hannover, Kiel, Rostock oder N\u00fcrnberg erfolgen. Ebenso kann eine Lieferung u.a. nach \u00d6sterreich, Polen, Luxemburg oder in die Schweiz angeboten werden.<\/p>\n","protected":false},"excerpt":{"rendered":"<p>Die <strong>Weitwurfd\u00fcse JD130<\/strong> eignet sich f\u00fcr die Zufuhr von gek\u00fchlter oder erw\u00e4rmter Luft in gro\u00dfen \/ hohen\u00a0R\u00e4umen und Hallen. Die Weitwurfd\u00fcse ist f\u00fcr den direkten Anschluss an ein Wickelfalzrohr geeignet. Die in jede Richtung schwenkbare D\u00fcse erm\u00f6glicht eine hohe Variabilit\u00e4t in der Strahllenkung. Die D\u00fcse kann horizontal wie vertikal um 30\u00b0 in jede Richtung geneigt werden (zusammen je 60\u00b0 Schwenkradius). Zudem eignen sich die Weitwurfd\u00fcsen f\u00fcr gro\u00dfe Wurfweiten.<\/p>\n<p>Die Weitwurfd\u00fcse JD130 ist nicht f\u00fcr den Einbau in Fu\u00dfb\u00f6den geeignet (<a href=\"http:\/\/www.rotec-shop.eu\/Lueftungsgitter\/Bodengitter:::1056_1058.html\" target=\"_blank\" rel=\"noopener\">L\u00fcftungsgitter f\u00fcr die Fu\u00dfbodenmontage finden Sie hier<\/a>).<\/p>\n<p>Die Weitwurfd\u00fcse JD130 f\u00fcr die Wandmontage hat folgende Eigenschaften:<\/p>\n<ul>\n<li>D\u00fcsenk\u00f6rper aus Aluminium<\/li>\n<li>Befestigungsflansch aus Stahl<\/li>\n<li>RAL 9010 lackiert (reinwei\u00df)<\/li>\n<li>variable D\u00fcse (\u00b130\u00b0 horizontal und vertikal)<\/li>\n<li>Luftverteilung erfolgt strahlenf\u00f6rmig<\/li>\n<li>je eine D\u00fcse<\/li>\n<li>geeignet f\u00fcr Wickelfalzrohranschluss<\/li>\n<li>f\u00fcr hohe R\u00e4ume geeignet<\/li>\n<\/ul>\n<p>Nennma\u00df des L\u00fcftungsgitters [Au\u00dfenma\u00df inkl. Rahmen]:<\/p>\n<ul>\n<li>\u00d8 160 [196] mm &#8211; siehe dazu auch techn. Zeichnung (Bild 2)<\/li>\n<\/ul>\n<p>Nachfolgende Tabelle zeigt die m\u00f6glichen Volumenstr\u00f6me [m\u00b3\/Std.] bei verschiedenen Schallleistungspegeln [db(A)]:<\/p>\n<table border=\"1\" width=\"600\" cellspacing=\"1\" cellpadding=\"1\" align=\"center\">\n<thead>\n<tr>\n<th scope=\"col\" align=\"center\" valign=\"middle\" width=\"150\" height=\"40\">Nennma\u00df<\/th>\n<th scope=\"col\" align=\"center\" width=\"150\" height=\"40\">25 dB(A)<\/th>\n<th scope=\"col\" align=\"center\" width=\"150\" height=\"40\">30 dB(A)<\/th>\n<th scope=\"col\" align=\"center\" width=\"150\" height=\"40\">35 dB(A)<\/th>\n<\/tr>\n<\/thead>\n<tbody>\n<tr>\n<td align=\"center\" width=\"150\" height=\"40\">\u00d8 160 mm<\/td>\n<td align=\"center\" width=\"150\" height=\"40\">295 m\u00b3\/h<\/td>\n<td align=\"center\" width=\"150\" height=\"40\">347 m\u00b3\/h<\/td>\n<td align=\"center\" width=\"150\" height=\"40\">408 m\u00b3\/h<\/td>\n<\/tr>\n<\/tbody>\n<\/table>\n","protected":false},"featured_media":3162,"comment_status":"open","ping_status":"closed","template":"","meta":{"_et_pb_use_builder":"","_et_pb_old_content":"","_et_gb_content_width":""},"product_brand":[],"product_cat":[30],"product_tag":[],"class_list":{"0":"post-1884","1":"product","2":"type-product","3":"status-publish","4":"has-post-thumbnail","6":"product_cat-lueftungsgitter","7":"product_shipping_class-29","9":"first","10":"instock","11":"taxable","12":"shipping-taxable","13":"product-type-simple"},"tiered_pricing_type":"fixed","tiered_pricing_fixed_rules":[],"tiered_pricing_product_settings":{"layout":"default","base_unit_name":{"singular":null,"plural":null},"default_variation":null},"tiered_pricing_minimum_quantity":null,"tiered_pricing_roles_data":[],"tiered_pricing_percentage_rules":[],"_links":{"self":[{"href":"https:\/\/www.riffelblech.berlin\/rotec-shop\/wp-json\/wp\/v2\/product\/1884","targetHints":{"allow":["GET"]}}],"collection":[{"href":"https:\/\/www.riffelblech.berlin\/rotec-shop\/wp-json\/wp\/v2\/product"}],"about":[{"href":"https:\/\/www.riffelblech.berlin\/rotec-shop\/wp-json\/wp\/v2\/types\/product"}],"replies":[{"embeddable":true,"href":"https:\/\/www.riffelblech.berlin\/rotec-shop\/wp-json\/wp\/v2\/comments?post=1884"}],"wp:featuredmedia":[{"embeddable":true,"href":"https:\/\/www.riffelblech.berlin\/rotec-shop\/wp-json\/wp\/v2\/media\/3162"}],"wp:attachment":[{"href":"https:\/\/www.riffelblech.berlin\/rotec-shop\/wp-json\/wp\/v2\/media?parent=1884"}],"wp:term":[{"taxonomy":"product_brand","embeddable":true,"href":"https:\/\/www.riffelblech.berlin\/rotec-shop\/wp-json\/wp\/v2\/product_brand?post=1884"},{"taxonomy":"product_cat","embeddable":true,"href":"https:\/\/www.riffelblech.berlin\/rotec-shop\/wp-json\/wp\/v2\/product_cat?post=1884"},{"taxonomy":"product_tag","embeddable":true,"href":"https:\/\/www.riffelblech.berlin\/rotec-shop\/wp-json\/wp\/v2\/product_tag?post=1884"}],"curies":[{"name":"wp","href":"https:\/\/api.w.org\/{rel}","templated":true}]}}