{"id":2017,"date":"2023-09-14T11:16:15","date_gmt":"2023-09-14T09:16:15","guid":{"rendered":"https:\/\/www.riffelblech.berlin\/rotec-shop\/produkt\/diplomat-mit-cassettenbuerste-790-x-490-x-22-mm-fuer-rahmen-800-x-500-x-25-mm\/"},"modified":"2023-11-08T14:24:50","modified_gmt":"2023-11-08T13:24:50","slug":"diplomat-mit-cassettenbuerste-790-x-490-x-22-mm-fuer-rahmen-800-x-500-x-25-mm","status":"publish","type":"product","link":"https:\/\/www.riffelblech.berlin\/rotec-shop\/produkt\/diplomat-mit-cassettenbuerste-790-x-490-x-22-mm-fuer-rahmen-800-x-500-x-25-mm\/","title":{"rendered":"Diplomat mit Cassettenb\u00fcrste 790 x 490 x 22 mm (F\u00fcr Rahmen 800 x 500 x 25 mm)"},"content":{"rendered":"<p>Hier finden Sie das m\u00f6gliche Zubeh\u00f6r, passend zur rotec Eingangsmatte Diplomat mit Cassettenb\u00fcrsteneinlage 800 x 500 mm:<\/p>\n<p>&nbsp;<\/p>\n<ul>\n<li style=\"list-style-type: none\">\n<ul>\n<li><a href=\"http:\/\/www.rotec-shop.eu\/Fussabstreifer\/Einbaurahmen\/Einbaurahmen-aus-Aluminium\/Aluminium-Einbaurahmen-in-Nenngroesse-800x500-mm::2854.html\"> passender Einbaurahmen 800 x 500 mm aus <strong>Aluminium<\/strong><\/a><\/li>\n<li><a href=\"http:\/\/www.rotec-shop.eu\/Fussabstreifer\/Einbaurahmen\/Einbaurahmen-aus-Edelstahl\/Edelstahl-Einbaurahmen-in-Nenngroesse-800x500-mm::2860.html\"> passender Einbaurahmen 800 x 500 mm aus <strong>Edelstahl<\/strong><\/a><\/li>\n<\/ul>\n<\/li>\n<\/ul>\n<p>&nbsp;<\/p>\n<ul>\n<li>F\u00fcr die Verwendung mit einer Schmutzfangwanne eignet sich nur die Eingangsmatte <a href=\"http:\/\/www.rotec-shop.eu\/Fussabstreifer\/Fussabstreifer-mit-Ripseinlage\/Marschall:::1046_1115_1119.html\" target=\"_blank\" rel=\"noopener\">Marschall<\/a><\/li>\n<\/ul>\n<p>&nbsp;<\/p>\n<p>Geometrische Sonderformate mit und ohne Ausschnitten, weitere Ma\u00dfe sowie dreht\u00fcrgeeignete Eingangsmattensysteme k\u00f6nnen Sie gerne bei uns anfragen.<\/p>\n","protected":false},"excerpt":{"rendered":"<p>Stk: 426,52 \u20ac<\/p>\n<table class=\"graduatedprice\" border=\"0\" cellspacing=\"0\" cellpadding=\"2\">\n<tbody>\n<tr>\n<td class=\"header\" colspan=\"2\">Staffelpreise:<\/td>\n<\/tr>\n<tr>\n<td>1 &#8211; 3 Stk.<\/td>\n<td>je 426,52 \u20ac<\/td>\n<\/tr>\n<tr>\n<td>4 &#8211; 6 Stk.<\/td>\n<td>je 381,62 \u20ac<\/td>\n<\/tr>\n<tr>\n<td>ab 7 Stk.<\/td>\n<td>je 320,69 \u20ac<\/td>\n<\/tr>\n<\/tbody>\n<\/table>\n<p>&nbsp;<\/p>\n<p>Die rotec Eingangsmatte Diplomat mit einer Cassettenb\u00fcrsteneinlage ist f\u00fcr eine mittlere bis starke Belastung (bis zu 2000 Begehungen pro Tag) ausgelegt. Sie eignet sich f\u00fcr viele Anforderungen und ist in ihrer Form individudell an die Architektur und das Design eines Geb\u00e4udes anpassbar. Die Ausf\u00fchrung mit einer Cassettenb\u00fcrsteneinlage ist f\u00fcr den Innen-, sowie Au\u00dfenbereich geeignet.<\/p>\n<p>Durch die hochwertige Verarbeitung und das ansprechend schlichte Design eignet sich die rotec Eingangsmatte Diplomat mit Cassettenb\u00fcrsteneinlage f\u00fcr Eingangsbereiche in stark frequentierten Geb\u00e4uden, wie Arztpraxen, Banken, Hotels oder B\u00fcrokomplexen, aber auch f\u00fcr den privat genutzten Eingangsbereich.<\/p>\n<p>Die Ausf\u00fchrung mit Cassettenb\u00fcrsteneinlage der Eingangsmatte Diplomat eignet sich ideal f\u00fcr die Entfernung von gr\u00f6berem Schmutz unter den Schuhsohlen, R\u00e4dern o.\u00e4; die Borsten der Cassettenb\u00fcrsten gelangen aber auch gut in Profile von Schuhen, R\u00e4dern etc. und entfernen so auch Feinschmutzpartikel besonders gr\u00fcndlich.<\/p>\n<p>&nbsp;<\/p>\n<p>Die Reinigung der Matte ist auf Grund der stabilen Konstruktion bei Bedarf problemlos mit einem Hochdruckreiniger m\u00f6glich, um auch den groben Schmutz zu entfernen. F\u00fcr die regelm\u00e4\u00dfe Reinigung reicht es, die Matte und den Zwischenbereich mit einem Staubsauger zu reinigen. Daf\u00fcr l\u00e4sst sich die Matte einfach hochheben.<\/p>\n<p>&nbsp;<\/p>\n<p>&nbsp;<\/p>\n<ul>\n<li>Ma\u00dfe: <strong>790 x 490 mm<\/strong> (geeignet f\u00fcr den Einbaurahmen 800 x 500 mm)<\/li>\n<li>H\u00f6he: 22 mm<\/li>\n<li>B\u00fcrstenfarbe: Grau &#8211; falls die Ausf\u00fchrung mit schwarzen Borsten gew\u00fcnscht ist, bitte im Kommentarfeld der Bestellung angeben<\/li>\n<li>Verlegung: f\u00fcr die <strong>aufliegende Verlegung<\/strong> geeignet<\/li>\n<li>Begehungen: bis zu 2000 pro Tag<\/li>\n<li>Beroll- und Befahrbarkeit: Kinderwagen, Einkaufswagen, Transportkarren<\/li>\n<li>Tr\u00e4gerprofil: verwindungssteifes Aluminium mit unterseitiger Trittschalld\u00e4mmung<\/li>\n<li>Optionaler Rahmentyp (muss separat bestellt werden): FAEM7130 in verschiedenen Ausf\u00fchrungen (siehe unten)<\/li>\n<\/ul>\n","protected":false},"featured_media":2724,"comment_status":"open","ping_status":"closed","template":"","meta":{"_et_pb_use_builder":"","_et_pb_old_content":"","_et_gb_content_width":""},"product_brand":[],"product_cat":[28],"product_tag":[],"class_list":{"0":"post-2017","1":"product","2":"type-product","3":"status-publish","4":"has-post-thumbnail","6":"product_cat-fussabstreifer","7":"product_shipping_class-20","9":"first","10":"instock","11":"taxable","12":"shipping-taxable","13":"purchasable","14":"product-type-simple"},"tiered_pricing_type":"fixed","tiered_pricing_fixed_rules":[],"tiered_pricing_product_settings":{"layout":"default","base_unit_name":{"singular":null,"plural":null},"default_variation":null},"tiered_pricing_minimum_quantity":null,"tiered_pricing_roles_data":[],"tiered_pricing_percentage_rules":[],"_links":{"self":[{"href":"https:\/\/www.riffelblech.berlin\/rotec-shop\/wp-json\/wp\/v2\/product\/2017","targetHints":{"allow":["GET"]}}],"collection":[{"href":"https:\/\/www.riffelblech.berlin\/rotec-shop\/wp-json\/wp\/v2\/product"}],"about":[{"href":"https:\/\/www.riffelblech.berlin\/rotec-shop\/wp-json\/wp\/v2\/types\/product"}],"replies":[{"embeddable":true,"href":"https:\/\/www.riffelblech.berlin\/rotec-shop\/wp-json\/wp\/v2\/comments?post=2017"}],"wp:featuredmedia":[{"embeddable":true,"href":"https:\/\/www.riffelblech.berlin\/rotec-shop\/wp-json\/wp\/v2\/media\/2724"}],"wp:attachment":[{"href":"https:\/\/www.riffelblech.berlin\/rotec-shop\/wp-json\/wp\/v2\/media?parent=2017"}],"wp:term":[{"taxonomy":"product_brand","embeddable":true,"href":"https:\/\/www.riffelblech.berlin\/rotec-shop\/wp-json\/wp\/v2\/product_brand?post=2017"},{"taxonomy":"product_cat","embeddable":true,"href":"https:\/\/www.riffelblech.berlin\/rotec-shop\/wp-json\/wp\/v2\/product_cat?post=2017"},{"taxonomy":"product_tag","embeddable":true,"href":"https:\/\/www.riffelblech.berlin\/rotec-shop\/wp-json\/wp\/v2\/product_tag?post=2017"}],"curies":[{"name":"wp","href":"https:\/\/api.w.org\/{rel}","templated":true}]}}